. Let i(z) = z**2 - 1. Let t be i(1). Suppose t*y = y. Suppose y*f = -3*f - 18. What is m(f)?
-2
Let l(o) = o**3 + 6*o**2 - o - 3. Let f be l(-6). Let v(z) = -2 - 2*z**f + 1 + 3*z + 3. Let r(w) = -2*w**2 + w - 1. Let j be r(1). Calculate v(j).
12
Suppose 26 = 13*q - 65. Let z(l) = l**2 + 4*l + 6. Let a be z(-4). Let k(w) = 6*w - 8*w**2 + a*w - 6*w + w**3. Calculate k(q).
-7
Let m(g) = g**3 - 15*g**2 - 3*g + 28. Suppose -4*j = 2*c - 56, -c = -4*j - 14 + 76. Determine m(j).
-17
Let t(m) = m - 2. Let k be t(-1). Let h(l) = l**3 + 3*l**2 - l - 1. What is h(k)?
2
Let u(z) = -3*z - 13. Suppose -32*b = -23*b + 54. What is u(b)?
5
Let s(u) = -3*u + 1. Let f = 699 - 698. Calculate s(f).
-2
Let f(i) = -8*i - 7. Let g(d) = -13*d - 13. Let k(l) = 5*f(l) - 3*g(l). Let p be (-3)/((-2)/(6 - 2)). What is k(p)?
-2
Let c(u) = -4*u + 49. Let k(p) = 3*p - 41. Let t(j) = -6*c(j) - 7*k(j). Calculate t(0).
-7
Suppose -2*z + 12 = -4*z + 3*o, -5*o + 19 = -3*z. Let b be (3/2)/(1 - 51/60). Let k(u) = b*u - 3*u - 10*u. Determine k(z).
9
Suppose 139 = -4*r - 2*l - l, r = 5*l - 6. Let s = 24 + r. Let i(p) = p**3 + 8*p**2 + 9*p + 8. Give i(s).
-6
Let s(p) be the first derivative of 16 - 11/4*p**4 + 0*p**2 - 2/3*p**3 + p. Give s(-1).
10
Let p(v) = 5*v + 9. Let w(a) be the first derivative of -5*a**2/2 - 8*a + 11. Let y(c) = 5*p(c) + 6*w(c). Determine y(3).
-18
Let n be (-28 - -24)/(1*2). Let w(r) be the first derivative of 4 - 2/3*r**3 - r - 1/4*r**4 + 0*r**2. What is w(n)?
-1
Let t be (-6)/15 + (-54)/(-10). Suppose 0 = -t*h + 4 + 1. Let o be -2*(h - 8/4). Let u(d) = -d**2 + 2*d - 1. What is u(o)?
-1
Let u(o) = 4*o - 41. Let i(w) = w - 11. Let z(j) = 7*i(j) - 2*u(j). Determine z(-4).
9
Suppose 5*l + 6*x - 2*x + 60 = 0, 4*l + 5*x = -57. Let p be 8*(28/l)/(-7). Suppose -3*o - p*u - 9 = 0, 0 = -u + 6*u. Let m(z) = 2*z - 1. Calculate m(o).
-7
Let t(m) = -2*m + 18. Let y(s) = -s**3 - 5*s**2 - 5*s + 1. Suppose 0 = -3*k - 17 + 5. Let v be y(k). Let l be t(v). Let w(x) = -x**2 + 9*x - 1. What is w(l)?
7
Let g(r) = -2*r**3 + 3*r**2 - 3*r + 3. Let c = -107 - -109. Calculate g(c).
-7
Let k(n) = 3*n**3 + 9*n**2 + 6*n + 6. Let x(z) = 7*z**3 + 19*z**2 + 13*z + 11. Let g(c) = -5*k(c) + 2*x(c). Calculate g(-7).
20
Let g(k) = -23*k**2 + 5*k. Let v(a) = 8*a**2 + 0*a - 3*a + 7*a**2. Let i(f) = -5*g(f) - 8*v(f). Let n be (-22)/(-18) + (-8)/36. Calculate i(n).
-6
Let f(a) = 5*a**2 - 12*a + 8. Let y(c) = 2*c**2 - 7*c + 4. Let u(o) = 3*f(o) - 5*y(o). Calculate u(3).
46
Let s be (12/(-16))/((-1)/(-24)). Let b be (-19)/1*(14 + -13). Let d = s - b. Let c(n) = 5*n**3 - n**2 + 1. What is c(d)?
5
Suppose 0 = -1548*g + 1531*g. Let l(o) = -o**3 + o**2 + 2*o - 10. Determine l(g).
-10
Let d(c) = 5*c**2 - c + 1. Suppose -30*n + 24 = -6. Determine d(n).
5
Let w(f) = -3*f + 1. Suppose -5*i = -3*r + 27, -3*i - 4*r + 13 = -2*i. Let k be (-2 + 1)*12/i. What is w(k)?
-11
Let w(u) be the third derivative of -u**4/12 + u**3/2 + 3*u**2 + 1. Determine w(-4).
11
Let j(l) be the second derivative of -l**4/4 + l**3/3 + l**2 - l. Let m = -1 - -20. Let n = 21 - m. Give j(n).
-6
Let l(t) = -t**2 + 2*t - 1. Suppose 0 = -4*h - 2*m + 26, 0 = 4*h + 4*m - 3 - 29. Let i(w) = 2*w - 8. Let n be i(h). Determine l(n).
-1
Let a(n) be the second derivative of 0 - 1/2*n**2 + 1/60*n**5 + 1/8*n**4 - n - 1/3*n**3. Let d(o) be the first derivative of a(o). Calculate d(-4).
2
Let d(w) = -w**3 + 6*w**2 - 6*w - 6. Suppose -2*b + 19 = -3*r, 69*b - 3*r = 73*b - 11. Give d(b).
-11
Let t(a) = 2*a**3 - 3*a**2 + a - 2. Let q be t(2). Suppose 0 = -x - w - 5, 30 = -q*x - 3*w + 12. Let y(o) = -3 + 2*o**2 + 5 - 3*o**3 + 4*o**3. Give y(x).
-7
Let r(t) = t**2 - 2*t. Let m = -27 + 11. Let a = m + -4. Let p = 22 + a. Calculate r(p).
0
Let a(q) = -5*q**2 - 3*q + 3*q**2 + q**2 - 9. Let d(n) = -2*n**2 - 7*n - 19. Let y(u) = -7*a(u) + 3*d(u). Let t be (-2)/(-5) - 26/65. Determine y(t).
6
Let q(i) = 3*i**2 - 1 - 4*i + 2 - 3*i. Let r(a) = a**2 - 2*a. Suppose -14*b = -0*b + 28. Let m(t) = b*q(t) + 7*r(t). What is m(2)?
2
Suppose -338 = -12*b - 362. Let j(m) = m**3 - 3*m**2 - 4*m - 4. Let l(v) = -3*v**3 + 7*v**2 + 9*v + 9. Let x(t) = 5*j(t) + 2*l(t). Determine x(b).
6
Let b(z) = z**2 - 8*z + 2. Let s(q) = 2*q**2 + 7*q + 3. Let f be s(-4). Determine b(f).
-5
Let g(p) = -p**2 + 9*p - 9. Let q = 7 - -4. Let j(x) = -x**3 + 11*x**2 - x. Let i be j(q). Let b = i + 17. Give g(b).
9
Suppose 10*o = 687 - 667. Let v(g) be the first derivative of -4/3*g**3 - 3 + 0*g + 0*g**o. Give v(1).
-4
Let a(p) = -3*p + 7. Let d = -1532 + 1537. What is a(d)?
-8
Let n(h) = -h**3 - 3*h**2 - 6. Let i(x) = -11*x - 71. Let v be i(-6). Give n(v).
44
Suppose 0 = 5*k - 37 + 17. Let z(x) = 4*x - 9. What is z(k)?
7
Let s(j) = -3*j**2 + 4*j + 2. Let r(p) = -4*p**2 + 5*p + 3. Let w(z) = 4*r(z) - 5*s(z). Suppose 2*c = 2*v + 2, 0*c - 3 = -v + 5*c. Determine w(v).
-2
Let v = 22 - 14. Let f(k) = -k**3 + 7*k**2 + 5*k + 19. What is f(v)?
-5
Let t(h) = -h. Let d be 1*3/12*0. Suppose d = 3*v + 3*y - 27, -4*y = -v + 3*v - 28. Give t(v).
-4
Let o(f) = f**2 + 5*f. Let k(w) = 4*w + 13. Let c(l) = l + 1. Let a(j) = 3*c(j) - k(j). Let m be a(-11). Suppose -u = 3 + m. Give o(u).
-4
Let d be -7*((-6 - -8) + -1). Let q(c) = 4*c + 39. What is q(d)?
11
Let j = -94 + 187. Let k(i) = -3*i + i + 99 - j. What is k(5)?
-4
Let r(l) = 9*l**2 + 9*l + 13. Let v(c) = -22*c**2 - 22*c - 32. Let y(h) = 12*r(h) + 5*v(h). What is y(-3)?
-16
Let w(y) = 1. Let i(o) = -10*o - 1. Let d(z) = -i(z) - 4*w(z). Give d(2).
17
Suppose 5*g + 1 = 21. Let z(f) = -5*f**2 + 3*f**2 + g - 11*f + 6*f + f**2. Suppose 0*q + 4*q + 24 = 0. Give z(q).
-2
Let r be 1/2*(-28)/(-2). Let y(s) be the first derivative of s**3/3 - 3*s**2 - 5*s - 271. Give y(r).
2
Let c(f) be the second derivative of -f**3/2 + f**2/2 + 2*f. Suppose 0 = -991*q + 998*q - 14. Give c(q).
-5
Let x(h) = -4 - 28 - 31*h + 33. Calculate x(1).
-30
Let v(o) = -10 + o + 4 - 7. Determine v(10).
-3
Let y(l) = l**2 - 1. Let o be 1/(-1) - (-3 - -1). Calculate y(o).
0
Let w = -15 - -12. Let t be 2/(-8) + w/(-12). Suppose 0 = -t*s - 4*s. Let m(q) = q**3 - q - 9. Give m(s).
-9
Let q = 1 + 2. Let r(j) be the third derivative of -j**5/60 + j**4/8 - 294*j**2. Give r(q).
0
Let x(p) be the second derivative of p**5/20 + p**4/4 - p**3/3 + 2*p + 108. Suppose 7 = -5*d - 8. What is x(d)?
6
Let u(c) = -2*c**2 - 5*c**2 + 6*c**2. Let m(z) = -z**3 - 7*z**2 - 2*z + 3. Let g(b) = m(b) - 2*u(b). What is g(-3)?
-9
Suppose -9*y = -8*y - 1. Let a = y - -6. Let r(g) = -5 + 0*g**2 + a + g**2. Calculate r(-2).
6
Let k(f) = -7*f**3 - 10*f**2 - 17*f - 23. Let m(t) = 3*t**3 + 5*t**2 + 9*t + 11. Let z(a) = 4*k(a) + 9*m(a). Let l be z(7). Let x(o) = o + 1. Calculate x(l).
1
Let o(h) = -h**2 + 8*h + 12. Let j = -248 - -256. What is o(j)?
12
Let u(v) be the first derivative of -1/4*v**4 + 7/2*v**2 - 4/3*v**3 - 18 - 2*v. What is u(-5)?
-12
Let u(g) = g - 4. Let p = -28 + 27. Let b(z) = -1. Let t(o) = p*u(o) - b(o). Calculate t(4).
1
Let g(b) = 2*b + 47. Let i be g(-24). Let d(k) = -11*k**3 + 2*k**2 + 2*k + 1. Determine d(i).
12
Let s(i) = -i - 5. Let d be s(-3). Let c be 4 + 3 + -3 + d. Let m(w) = w**3 - 2*w - 1. Determine m(c).
3
Let t(b) = -b**2 - 10*b - 12. Let n be t(-6). Let s(l) = -l**2 + 12*l - 11. Determine s(n).
-11
Let v(p) = -p**3 - 18*p**2 + p + 22. Let u be v(-18). Suppose -u*q = q - 10. Let j(h) = 3*h + h**3 - 5*h**2 - q*h - 5 + 2 - 3. What is j(5)?
-1
Let h(x) be the third derivative of x**6/90 + x**5/120 - 19*x**4/24 - 3*x**2. Let c(v) be the second derivative of h(v). Give c(2).
17
Let u(n) be the second derivative of -n**4/12 - n**3 + 2*n**2 + n. Suppose -22*a - 25*a - 7*a - 270 = 0. What is u(a)?
9
Let h be 1995/39 - 8/52. Let w = 51 - h. Let q(n) = n**2 + n + 10. Calculate q(w).
10
Let x(l) be the third derivative of -l**4/8 + l**3/2 - 614*l**2. Let t = -10 - -16. Give x(t).
-15
Let c(j) = 3*j + 10. Suppose 6*x + 12 + 30 = 0. Determine c(x).
-11
Let k = 192 - 189. Let m(j) = -j**3 + 6*j**2 - j. Give m(k).
24
Let v(f) = -6*f**3 - 25*f**2 + 4*f. Let u(g) be the second derivative of g**5/20 + 5*g**4/12 - g**3/6 - 8*g. Let p(c) = 11*u(c) + 2*v(c). Calculate p(4).
4
Let k(b) be the third derivative of 0*b - 1/6*b**3 + 0 - 15*b**2 - 1/24*b**4. Suppose 5*m + 5*f = -30, -5*m - 22 = 3*f + 6. Calculate k(m).
4
Let k